{"id":9,"date":"2022-05-17T18:35:11","date_gmt":"2022-05-17T17:35:11","guid":{"rendered":"http:\/\/patrimoine-lafeline.fr\/?page_id=9"},"modified":"2023-03-25T22:57:15","modified_gmt":"2023-03-25T21:57:15","slug":"vie-de-lasso","status":"publish","type":"page","link":"https:\/\/patrimoine-lafeline.fr\/index.php\/vie-de-lasso\/","title":{"rendered":"Vie de l&rsquo;Association"},"content":{"rendered":"\n<h2 class=\"wp-block-heading\">Actualit\u00e9s\/Presse<\/h2>\n\n\n\n<ul class=\"wp-block-list\">\n<li>-PATRIMOINE-LAF\u00c9LINE expose ses r\u00e9alisations et projets au Salon des Patrimoines Bourbonnais organis\u00e9 par l\u2019association Patrimoines Bourbonnais Patrimoines d\u2019Avenir (PBPA) les samedi 4 &amp; dimanche 5 mars au Palais des Congr\u00e8s de Vichy.<\/li>\n\n\n\n<li>-Le Christ au Roseau a r\u00e9int\u00e9gr\u00e9 l\u2019\u00e9glise apr\u00e8s restauration (La Semaine de l&rsquo;Allier, 7 juillet 2022)<\/li>\n\n\n\n<li>-Le tableau du Christ au Roseau de retour (La Montagne, 2 juillet 2022)<\/li>\n<\/ul>\n\n\n\n<h2 class=\"wp-block-heading\">Gouvernance<\/h2>\n\n\n\n<ul class=\"wp-block-list\">\n<li>Bureau\n<ul class=\"wp-block-list\">\n<li>Pr\u00e9sident&nbsp;: Christophe Moull\u00e9-Berteaux<\/li>\n\n\n\n<li>Tr\u00e9sorier&nbsp;: Claudette Signoret<\/li>\n\n\n\n<li>Secr\u00e9taire&nbsp;: Nathalie Dupoux<\/li>\n<\/ul>\n<\/li>\n\n\n\n<li>Comit\u00e9 d\u2019experts\n<ul class=\"wp-block-list\">\n<li>Isabelle de Chavagnac (VMF)<\/li>\n\n\n\n<li>Jean-Fran\u00e7ois Guichard (Fondation du Patrimoine)<\/li>\n\n\n\n<li>Annie Regond (Archiclassique)<\/li>\n<\/ul>\n<\/li>\n\n\n\n<li>Comptes-rendus d\u2019assembl\u00e9e g\u00e9n\u00e9rale (Cf. We Transfer)\n<ul class=\"wp-block-list\">\n<li>Compte-rendu AG du 2 octobre 2020<\/li>\n\n\n\n<li>Compte-Rendu AG du 15 octobre 2021<\/li>\n\n\n\n<li>Compte-rendu AG du 28 octobre 2022<\/li>\n<\/ul>\n<\/li>\n\n\n\n<li>Commissions de travail<\/li>\n<\/ul>\n\n\n\n<h2 class=\"wp-block-heading\">Commission Travaux (responsable\u00a0: Christophe Moull\u00e9-Berteaux)<\/h2>\n\n\n\n<ul class=\"wp-block-list\">\n<li>-\u00c9glise Saint-Martin de Laf\u00e9line : restauration des toitures, du clocher et de la fl\u00e8che, restauration des objets d\u2019art religieux, travaux d\u2019\u00e9lectricit\u00e9 et d\u2019assainissement, restauration des enduits int\u00e9rieurs.<\/li>\n\n\n\n<li>-Chapelle Notre-Dame de Reugny : sauvegarde et restauration.<\/li>\n\n\n\n<li>-Signalisation touristique des MH de Laf\u00e9line\u00a0:\u00a0 r\u00e9installation des panneaux volatis\u00e9s<\/li>\n<\/ul>\n\n\n\n<h3 class=\"wp-block-heading\">Commission D\u00e9couvertes Bourbonnaises &amp; Patrimoine Vernaculaire (co-responsables\u00a0: Arlette de Baynast, Laurence de Gardelle)<\/h3>\n\n\n\n<ul class=\"wp-block-list\">\n<li>Inventaire des croix du XIX<sup>e<\/sup> si\u00e8cle sur la commune de Laf\u00e9line en collaboration avec le Groupe Recherche Arch\u00e9ologique et Historique Centre Allier (GRAHCA), organisation de randonn\u00e9es \u00e0 la d\u00e9couverte des croix<s>.<\/s><\/li>\n\n\n\n<li>Partenariat entre l\u2019\u00e9glise St-Martin de Laf\u00e9line et d\u2019autres \u00e9glises Saint-Martin en Bourbonnais en coop\u00e9ration avec le Centre Culturel Europ\u00e9en Saint Martin de Tours (Cf. Via Santi Martini).<\/li>\n\n\n\n<li>Organisation de visites&nbsp;: ateliers de tuilerie, poterie, vitraux et chaux.<\/li>\n<\/ul>\n\n\n\n<h3 class=\"wp-block-heading\">Commission \u00c9dition (responsable\u00a0: Claudette Signoret)<\/h3>\n\n\n\n<ul class=\"wp-block-list\">\n<li>Beau Livre &lt; Laf\u00e9line racont\u00e9e par les Laf\u00e9linois \u2013 100 ans &gt; \u00e0 partir d\u2019interviews, anecdotes et photos.<\/li>\n\n\n\n<li>Livre sur les fl\u00e8ches en pierre es \u00e9glises du Bourbonnais.<\/li>\n<\/ul>\n\n\n\n<h3 class=\"wp-block-heading\">Commission Digitale\u00a0(responsable\u00a0: Jean-Michel Desmon)<\/h3>\n\n\n\n<ul class=\"wp-block-list\">\n<li>Cr\u00e9ation et animation d\u2019un site ind\u00e9pendant<\/li>\n\n\n\n<li>Actualisation des pages Wikip\u00e9dia des \u00e9difices MH de Laf\u00e9line<\/li>\n\n\n\n<li>R\u00e9f\u00e9rencement du site de l\u2019association sur d\u2019autres sites de protection du Patrimoine<\/li>\n<\/ul>\n\n\n\n<ul class=\"wp-block-list\">\n<li>Cr\u00e9ation du site selon le cahier des charges <\/li>\n\n\n\n<li>Actualisation des pages Wikipedia des \u00e9difices class\u00e9s et inscrits<\/li>\n\n\n\n<li>Animations du site<\/li>\n<\/ul>\n","protected":false},"excerpt":{"rendered":"<p>Actualit\u00e9s\/Presse Gouvernance Commission Travaux (responsable\u00a0: Christophe Moull\u00e9-Berteaux) Commission D\u00e9couvertes Bourbonnaises &amp; Patrimoine Vernaculaire (co-responsables\u00a0: Arlette de Baynast, Laurence de Gardelle) Commission \u00c9dition (responsable\u00a0: Claudette Signoret) Commission Digitale\u00a0(responsable\u00a0: Jean-Michel Desmon)<\/p>\n","protected":false},"author":1,"featured_media":0,"parent":0,"menu_order":0,"comment_status":"closed","ping_status":"closed","template":"","meta":{"_monsterinsights_skip_tracking":false,"_monsterinsights_sitenote_active":false,"_monsterinsights_sitenote_note":"","_monsterinsights_sitenote_category":0,"footnotes":""},"class_list":["post-9","page","type-page","status-publish","hentry"],"_links":{"self":[{"href":"https:\/\/patrimoine-lafeline.fr\/index.php\/wp-json\/wp\/v2\/pages\/9","targetHints":{"allow":["GET"]}}],"collection":[{"href":"https:\/\/patrimoine-lafeline.fr\/index.php\/wp-json\/wp\/v2\/pages"}],"about":[{"href":"https:\/\/patrimoine-lafeline.fr\/index.php\/wp-json\/wp\/v2\/types\/page"}],"author":[{"embeddable":true,"href":"https:\/\/patrimoine-lafeline.fr\/index.php\/wp-json\/wp\/v2\/users\/1"}],"replies":[{"embeddable":true,"href":"https:\/\/patrimoine-lafeline.fr\/index.php\/wp-json\/wp\/v2\/comments?post=9"}],"version-history":[{"count":14,"href":"https:\/\/patrimoine-lafeline.fr\/index.php\/wp-json\/wp\/v2\/pages\/9\/revisions"}],"predecessor-version":[{"id":279,"href":"https:\/\/patrimoine-lafeline.fr\/index.php\/wp-json\/wp\/v2\/pages\/9\/revisions\/279"}],"wp:attachment":[{"href":"https:\/\/patrimoine-lafeline.fr\/index.php\/wp-json\/wp\/v2\/media?parent=9"}],"curies":[{"name":"wp","href":"https:\/\/api.w.org\/{rel}","templated":true}]}}

<h2 class="wp-block-heading">Actualités/Presse</h2>



<ul class="wp-block-list">
<li>-PATRIMOINE-LAFÉLINE expose ses réalisations et projets au Salon des Patrimoines Bourbonnais organisé par l’association Patrimoines Bourbonnais Patrimoines d’Avenir (PBPA) les samedi 4 &amp; dimanche 5 mars au Palais des Congrès de Vichy.</li>



<li>-Le Christ au Roseau a réintégré l’église après restauration (La Semaine de l&rsquo;Allier, 7 juillet 2022)</li>



<li>-Le tableau du Christ au Roseau de retour (La Montagne, 2 juillet 2022)</li>
</ul>



<h2 class="wp-block-heading">Gouvernance</h2>



<ul class="wp-block-list">
<li>Bureau
<ul class="wp-block-list">
<li>Président&nbsp;: Christophe Moullé-Berteaux</li>



<li>Trésorier&nbsp;: Claudette Signoret</li>



<li>Secrétaire&nbsp;: Nathalie Dupoux</li>
</ul>
</li>



<li>Comité d’experts
<ul class="wp-block-list">
<li>Isabelle de Chavagnac (VMF)</li>



<li>Jean-François Guichard (Fondation du Patrimoine)</li>



<li>Annie Regond (Archiclassique)</li>
</ul>
</li>



<li>Comptes-rendus d’assemblée générale (Cf. We Transfer)
<ul class="wp-block-list">
<li>Compte-rendu AG du 2 octobre 2020</li>



<li>Compte-Rendu AG du 15 octobre 2021</li>



<li>Compte-rendu AG du 28 octobre 2022</li>
</ul>
</li>



<li>Commissions de travail</li>
</ul>



<h2 class="wp-block-heading">Commission Travaux (responsable : Christophe Moullé-Berteaux)</h2>



<ul class="wp-block-list">
<li>-Église Saint-Martin de Laféline : restauration des toitures, du clocher et de la flèche, restauration des objets d’art religieux, travaux d’électricité et d’assainissement, restauration des enduits intérieurs.</li>



<li>-Chapelle Notre-Dame de Reugny : sauvegarde et restauration.</li>



<li>-Signalisation touristique des MH de Laféline :  réinstallation des panneaux volatisés</li>
</ul>



<h3 class="wp-block-heading">Commission Découvertes Bourbonnaises &amp; Patrimoine Vernaculaire (co-responsables : Arlette de Baynast, Laurence de Gardelle)</h3>



<ul class="wp-block-list">
<li>Inventaire des croix du XIX<sup>e</sup> siècle sur la commune de Laféline en collaboration avec le Groupe Recherche Archéologique et Historique Centre Allier (GRAHCA), organisation de randonnées à la découverte des croix<s>.</s></li>



<li>Partenariat entre l’église St-Martin de Laféline et d’autres églises Saint-Martin en Bourbonnais en coopération avec le Centre Culturel Européen Saint Martin de Tours (Cf. Via Santi Martini).</li>



<li>Organisation de visites&nbsp;: ateliers de tuilerie, poterie, vitraux et chaux.</li>
</ul>



<h3 class="wp-block-heading">Commission Édition (responsable : Claudette Signoret)</h3>



<ul class="wp-block-list">
<li>Beau Livre &lt; Laféline racontée par les Lafélinois – 100 ans &gt; à partir d’interviews, anecdotes et photos.</li>



<li>Livre sur les flèches en pierre es églises du Bourbonnais.</li>
</ul>



<h3 class="wp-block-heading">Commission Digitale (responsable : Jean-Michel Desmon)</h3>



<ul class="wp-block-list">
<li>Création et animation d’un site indépendant</li>



<li>Actualisation des pages Wikipédia des édifices MH de Laféline</li>



<li>Référencement du site de l’association sur d’autres sites de protection du Patrimoine</li>
</ul>



<ul class="wp-block-list">
<li>Création du site selon le cahier des charges </li>



<li>Actualisation des pages Wikipedia des édifices classés et inscrits</li>



<li>Animations du site</li>
</ul>

<p>Actualités/Presse Gouvernance Commission Travaux (responsable : Christophe Moullé-Berteaux) Commission Découvertes Bourbonnaises &amp; Patrimoine Vernaculaire (co-responsables : Arlette de Baynast, Laurence de Gardelle) Commission Édition (responsable : Claudette Signoret) Commission Digitale (responsable : Jean-Michel Desmon)</p>
