{"id":8,"date":"2022-05-17T18:35:11","date_gmt":"2022-05-17T17:35:11","guid":{"rendered":"http:\/\/patrimoine-lafeline.fr\/?page_id=8"},"modified":"2025-02-08T23:33:11","modified_gmt":"2025-02-08T22:33:11","slug":"about","status":"publish","type":"page","link":"https:\/\/patrimoine-lafeline.fr\/index.php\/about\/","title":{"rendered":"Qui sommes-nous ?"},"content":{"rendered":"\n<h3 class=\"wp-block-heading\">Objectifs de l&rsquo;association<\/h3>\n\n\n\n<p>PATRIMOINE-LAF\u00c9LINE (anciennement Association pour la Sauvegarde du Patrimoine Culturel de Laf\u00e9line) est&nbsp;une association \u00e0 but non lucratif, d\u2019int\u00e9r\u00eat public, fond\u00e9e en 2007 par Claire Wheeler-Hopkinson (Pr\u00e9sident d\u2019honneur), dans le but de sauvegarder et d\u00e9fendre les patrimoines de Laf\u00e9line (du latin <em>La Figulina<\/em>, l\u2019atelier du potier), en particulier l\u2019\u00e9glise St-Martin, \u00e9difice class\u00e9 MH du XII<sup>e<\/sup> s construit sur le passage d\u2019une voie romaine.<\/p>\n\n\n\n<p class=\"has-white-color has-text-color has-background\" style=\"background-color:#ce2652\">Le village de Laf\u00e9line s\u2019est d\u00e9velopp\u00e9 autour de son \u00e9glise, initialement entour\u00e9e de murs et de douves pour la protection et le refuge de ses habitants.<br>Il reste beaucoup \u00e0 faire pour l\u2019\u00e9glise, c\u0153ur du village, et plus g\u00e9n\u00e9ralement pour la sauvegarde des patrimoines de Laf\u00e9line. Des commissions (travaux, d\u00e9couvertes &amp; patrimoine vernaculaire, \u00e9dition, digitale) ont \u00e9t\u00e9 cr\u00e9\u00e9es en 2022 pour que chacun puisse apporter sa pierre \u00e0 l\u2019\u00e9difice.<\/p>\n\n\n\n<h3 class=\"wp-block-heading\">Le mot du pr\u00e9sident<\/h3>\n\n\n\n<div class=\"wp-block-columns is-layout-flex wp-container-core-columns-is-layout-1 wp-block-columns-is-layout-flex\">\n<div class=\"wp-block-column is-layout-flow wp-block-column-is-layout-flow\" style=\"flex-basis:33.33%\"><div class=\"wp-block-image\">\n<figure class=\"aligncenter size-full\"><img loading=\"lazy\" decoding=\"async\" width=\"241\" height=\"161\" src=\"https:\/\/patrimoine-lafeline.fr\/wp-content\/uploads\/2025\/02\/CMB.jpg\" alt=\"\" class=\"wp-image-409\"\/><\/figure><\/div><\/div>\n\n\n\n<div class=\"wp-block-column is-layout-flow wp-block-column-is-layout-flow\" style=\"flex-basis:66.66%\">\n<p>Chers amis du patrimoine,<\/p>\n\n\n\n<p>L\u2019ann\u00e9e 2024 a marqu\u00e9 une \u00e9tape importante pour notre association PATRIMOINE-LAF\u00c9LINE. Gr\u00e2ce \u00e0 l\u2019engagement sans faille de nos membres et au soutien de nos partenaires, nous avons pu mener \u00e0 bien la sauvegarde de la statue en bois polychrome et dor\u00e9 du XVIIIe si\u00e8cle, connue sous le nom de \u00ab Vierge \u00e0 l\u2019Enfant au Globe \u00bb.<\/p>\n<\/div>\n<\/div>\n\n\n\n<p>Ce projet a pu aboutir notamment gr\u00e2ce au Prix national 2023 VMF \u2013 Fonds de dotation BELLE MAIN, qui a \u00e9t\u00e9 d\u00e9cern\u00e9 \u00e0 notre association et \u00e0 la commune de Laf\u00e9line le 11 juillet 2023 par Isabelle de Chavagnac, d\u00e9l\u00e9gu\u00e9e d\u00e9partementale des VMF, en pr\u00e9sence de Madame le Pr\u00e9fet de l\u2019Allier, Pascale Trimbach. Ce soutien pr\u00e9cieux a permis de confier la restauration de cette \u0153uvre exceptionnelle \u00e0 l\u2019atelier L\u2019\u0152uvre de l\u2019Art \u00e0 Huriel, sous les mains expertes du restaurateur d\u2019art Samuel Cherprenet.<\/p>\n\n\n\n<p>Apr\u00e8s six mois de travail minutieux, la Vierge \u00e0 l\u2019Enfant au Globe a retrouv\u00e9, le 2 d\u00e9cembre dernier, sa place dans le ch\u0153ur de l\u2019\u00e9glise Saint-Martin de Laf\u00e9line, aux c\u00f4t\u00e9s de la statue de l\u2019\u00e9v\u00eaque Saint-Martin de Tours et du tableau \u00ab Christ au Roseau \u00bb, restaur\u00e9s respectivement en 2012 et 2022 gr\u00e2ce \u00e0 notre mobilisation.<\/p>\n\n\n\n<p>L\u2019\u00e9tat de la statue avant restauration \u00e9tait pr\u00e9occupant : infestation xylophage, soul\u00e8vements et lacunes de la polychromie, encrassement important recouvert d\u2019une peinture dor\u00e9e industrielle, absence de vernis protecteur et divers \u00e9l\u00e9ments manquants. Aujourd\u2019hui, gr\u00e2ce \u00e0 cette restauration, nous avons pu redonner \u00e0 cette \u0153uvre sa splendeur d\u2019origine et assurer sa pr\u00e9servation pour les g\u00e9n\u00e9rations futures.<\/p>\n\n\n\n<p>Notre engagement pour la sauvegarde du patrimoine ne s\u2019arr\u00eate pas l\u00e0. Nous poursuivons nos efforts avec des projets de plus longue haleine, notamment la restauration des enduits int\u00e9rieurs de l\u2019\u00e9glise Saint-Martin, pr\u00e9c\u00e9d\u00e9e de recherches picturales approfondies, le traitement des remont\u00e9es capillaires par des travaux d\u2019assainissement et la sauvegarde de la chapelle Notre-Dame de Reugny.<\/p>\n\n\n\n<p>Ces projets ambitieux n\u00e9cessitent la mobilisation de toutes les \u00e9nergies. Nous comptons sur votre soutien et votre engagement pour poursuivre cette belle aventure patrimoniale. Ensemble, nous continuerons \u00e0 pr\u00e9server et valoriser notre h\u00e9ritage commun.<\/p>\n\n\n\n<p class=\"has-text-align-right\">Christophe MOULL\u00c9-BERTEAUX\u00a0<\/p>\n\n\n\n<p><\/p>\n","protected":false},"excerpt":{"rendered":"<p>Objectifs de l&rsquo;association PATRIMOINE-LAF\u00c9LINE (anciennement Association pour la Sauvegarde du Patrimoine Culturel de Laf\u00e9line) est&nbsp;une association \u00e0 but non lucratif, d\u2019int\u00e9r\u00eat public, fond\u00e9e en 2007 par Claire Wheeler-Hopkinson (Pr\u00e9sident d\u2019honneur), dans le but de sauvegarder et d\u00e9fendre les patrimoines de<\/p>\n","protected":false},"author":1,"featured_media":0,"parent":0,"menu_order":0,"comment_status":"closed","ping_status":"closed","template":"","meta":{"_monsterinsights_skip_tracking":false,"_monsterinsights_sitenote_active":false,"_monsterinsights_sitenote_note":"","_monsterinsights_sitenote_category":0,"footnotes":""},"class_list":["post-8","page","type-page","status-publish","hentry"],"_links":{"self":[{"href":"https:\/\/patrimoine-lafeline.fr\/index.php\/wp-json\/wp\/v2\/pages\/8","targetHints":{"allow":["GET"]}}],"collection":[{"href":"https:\/\/patrimoine-lafeline.fr\/index.php\/wp-json\/wp\/v2\/pages"}],"about":[{"href":"https:\/\/patrimoine-lafeline.fr\/index.php\/wp-json\/wp\/v2\/types\/page"}],"author":[{"embeddable":true,"href":"https:\/\/patrimoine-lafeline.fr\/index.php\/wp-json\/wp\/v2\/users\/1"}],"replies":[{"embeddable":true,"href":"https:\/\/patrimoine-lafeline.fr\/index.php\/wp-json\/wp\/v2\/comments?post=8"}],"version-history":[{"count":13,"href":"https:\/\/patrimoine-lafeline.fr\/index.php\/wp-json\/wp\/v2\/pages\/8\/revisions"}],"predecessor-version":[{"id":410,"href":"https:\/\/patrimoine-lafeline.fr\/index.php\/wp-json\/wp\/v2\/pages\/8\/revisions\/410"}],"wp:attachment":[{"href":"https:\/\/patrimoine-lafeline.fr\/index.php\/wp-json\/wp\/v2\/media?parent=8"}],"curies":[{"name":"wp","href":"https:\/\/api.w.org\/{rel}","templated":true}]}}