{"id":7,"date":"2022-05-17T18:35:11","date_gmt":"2022-05-17T17:35:11","guid":{"rendered":"http:\/\/patrimoine-lafeline.fr\/?page_id=7"},"modified":"2022-10-27T21:44:18","modified_gmt":"2022-10-27T20:44:18","slug":"index","status":"publish","type":"page","link":"https:\/\/patrimoine-lafeline.fr\/","title":{"rendered":"Patrimoine Laf\u00e9line"},"content":{"rendered":"\n<div class=\"wp-block-group alignwide\"><div class=\"wp-block-group__inner-container is-layout-flow wp-block-group-is-layout-flow\">\n<p class=\"has-drop-cap\">L&rsquo;Association\u00a0Patrimoine-Laf\u00e9line a pour objet de sauvegarder et valoriser les patrimoines de Laf\u00e9line, en particulier l\u2019\u00e9glise Saint-Martin, \u00e9difice\u00a0roman\u00a0du XII<sup>e<\/sup>\u00a0si\u00e8cle, class\u00e9 MH depuis 1963.<\/p>\n\n\n\n<p>Des commissions (travaux, d\u00e9couvertes &amp;patrimoine vernaculaire, \u00e9dition, digitale) ont \u00e9t\u00e9 cr\u00e9\u00e9es en 2022 pour que chacun puisse apporter sa pierre \u00e0 l\u2019\u00e9difice.<\/p>\n<\/div><\/div>\n\n\n\n<p><\/p>\n","protected":false},"excerpt":{"rendered":"<p>L&rsquo;Association\u00a0Patrimoine-Laf\u00e9line a pour objet de sauvegarder et valoriser les patrimoines de Laf\u00e9line, en particulier l\u2019\u00e9glise Saint-Martin, \u00e9difice\u00a0roman\u00a0du XIIe\u00a0si\u00e8cle, class\u00e9 MH depuis 1963. Des commissions (travaux, d\u00e9couvertes &amp;patrimoine vernaculaire, \u00e9dition, digitale) ont \u00e9t\u00e9 cr\u00e9\u00e9es en 2022 pour que chacun puisse apporter<\/p>\n","protected":false},"author":1,"featured_media":0,"parent":0,"menu_order":0,"comment_status":"closed","ping_status":"closed","template":"","meta":{"_monsterinsights_skip_tracking":false,"_monsterinsights_sitenote_active":false,"_monsterinsights_sitenote_note":"","_monsterinsights_sitenote_category":0,"footnotes":""},"class_list":["post-7","page","type-page","status-publish","hentry"],"_links":{"self":[{"href":"https:\/\/patrimoine-lafeline.fr\/index.php\/wp-json\/wp\/v2\/pages\/7","targetHints":{"allow":["GET"]}}],"collection":[{"href":"https:\/\/patrimoine-lafeline.fr\/index.php\/wp-json\/wp\/v2\/pages"}],"about":[{"href":"https:\/\/patrimoine-lafeline.fr\/index.php\/wp-json\/wp\/v2\/types\/page"}],"author":[{"embeddable":true,"href":"https:\/\/patrimoine-lafeline.fr\/index.php\/wp-json\/wp\/v2\/users\/1"}],"replies":[{"embeddable":true,"href":"https:\/\/patrimoine-lafeline.fr\/index.php\/wp-json\/wp\/v2\/comments?post=7"}],"version-history":[{"count":22,"href":"https:\/\/patrimoine-lafeline.fr\/index.php\/wp-json\/wp\/v2\/pages\/7\/revisions"}],"predecessor-version":[{"id":193,"href":"https:\/\/patrimoine-lafeline.fr\/index.php\/wp-json\/wp\/v2\/pages\/7\/revisions\/193"}],"wp:attachment":[{"href":"https:\/\/patrimoine-lafeline.fr\/index.php\/wp-json\/wp\/v2\/media?parent=7"}],"curies":[{"name":"wp","href":"https:\/\/api.w.org\/{rel}","templated":true}]}}