{"id":52,"date":"2022-05-17T22:05:45","date_gmt":"2022-05-17T21:05:45","guid":{"rendered":"http:\/\/patrimoine-lafeline.fr\/?page_id=52"},"modified":"2023-11-22T23:05:25","modified_gmt":"2023-11-22T22:05:25","slug":"adhesion","status":"publish","type":"page","link":"https:\/\/patrimoine-lafeline.fr\/index.php\/adhesion\/","title":{"rendered":"Adh\u00e9sion"},"content":{"rendered":"\n<p>Les versements et dons \u00e0 PATRIMOINE-LAF\u00c9LINE, association \u00e0 but non lucratif, d\u00e9clar\u00e9e d\u2019int\u00e9r\u00eat public, ouvrent droit \u00e0 une <mark style=\"background-color:#cf2e2e\" class=\"has-inline-color has-white-color\"><strong> r\u00e9duction d&rsquo;imp\u00f4t sur le revenu de 66 %<\/strong> <\/mark> conform\u00e9ment aux articles 200 et 238 bis du code g\u00e9n\u00e9ral des imp\u00f4ts.<\/p>\n\n\n\n<p class=\"border\">Vous pouvez r\u00e9gler votre adh\u00e9sion par carte gr\u00e2ce \u00e0 la plateforme  <a rel=\"noreferrer noopener\" href=\"https:\/\/www.helloasso.com\/associations\/patrimoine-lafeline\/adhesions\/adhesion-patrimoine-lafeline\" target=\"_blank\"><img loading=\"lazy\" decoding=\"async\" width=\"150\" height=\"33\" class=\"wp-image-356\" style=\"width: 150px;\" src=\"http:\/\/patrimoine-lafeline.fr\/wp-content\/uploads\/2023\/11\/ha.png\" alt=\"\"><\/a>.<br>Le montant est de 15\u20ac pour une adh\u00e9sion simple ou de 25\u20ac pour une adh\u00e9sion couple.<\/p>\n\n\n\n<p>Dans le cas d&rsquo;un r\u00e8glement par ch\u00e8que ou par virement, merci de remplir le formulaire ci-dessous :<\/p>\n\n\n\n<div class=\"wp-block-columns is-layout-flex wp-container-core-columns-is-layout-1 wp-block-columns-is-layout-flex\">\n<div class=\"wp-block-column is-layout-flow wp-block-column-is-layout-flow\" style=\"flex-basis:5%\"><\/div>\n\n\n\n<div class=\"wp-block-column is-layout-flow wp-block-column-is-layout-flow\" style=\"flex-basis:95%\"><div class=\"wpforms-container wpforms-container-full wpforms-block\" id=\"wpforms-47\"><form id=\"wpforms-form-47\" class=\"wpforms-validate wpforms-form wpforms-ajax-form\" data-formid=\"47\" method=\"post\" enctype=\"multipart\/form-data\" action=\"\/index.php\/wp-json\/wp\/v2\/pages\/52\" data-token=\"2ed47d5f32731df9917572457eb4800f\" data-token-time=\"1777811434\"><noscript class=\"wpforms-error-noscript\">Veuillez activer JavaScript dans votre navigateur pour remplir ce formulaire.<\/noscript><div class=\"wpforms-field-container\"><div id=\"wpforms-47-field_0-container\" class=\"wpforms-field wpforms-field-name\" data-field-id=\"0\"><label class=\"wpforms-field-label\">Nom <span class=\"wpforms-required-label\">*<\/span><\/label><div class=\"wpforms-field-row wpforms-field-medium\"><div class=\"wpforms-field-row-block wpforms-first wpforms-one-half\"><input type=\"text\" id=\"wpforms-47-field_0\" class=\"wpforms-field-name-first wpforms-field-required\" name=\"wpforms[fields][0][first]\" required><label for=\"wpforms-47-field_0\" class=\"wpforms-field-sublabel after\">Pr\u00e9nom<\/label><\/div><div class=\"wpforms-field-row-block wpforms-one-half\"><input type=\"text\" id=\"wpforms-47-field_0-last\" class=\"wpforms-field-name-last wpforms-field-required\" name=\"wpforms[fields][0][last]\" required><label for=\"wpforms-47-field_0-last\" class=\"wpforms-field-sublabel after\">Nom<\/label><\/div><\/div><\/div><div id=\"wpforms-47-field_4-container\" class=\"wpforms-field wpforms-field-text\" data-field-id=\"4\"><label class=\"wpforms-field-label\" for=\"wpforms-47-field_4\">Adresse <span class=\"wpforms-required-label\">*<\/span><\/label><input type=\"text\" id=\"wpforms-47-field_4\" class=\"wpforms-field-medium wpforms-field-required\" name=\"wpforms[fields][4]\" required><\/div><div id=\"wpforms-47-field_5-container\" class=\"wpforms-field wpforms-field-text\" data-field-id=\"5\"><label class=\"wpforms-field-label\" for=\"wpforms-47-field_5\">T\u00e9l\u00e9phone <span class=\"wpforms-required-label\">*<\/span><\/label><input type=\"text\" id=\"wpforms-47-field_5\" class=\"wpforms-field-medium wpforms-field-required\" name=\"wpforms[fields][5]\" required><\/div><div id=\"wpforms-47-field_1-container\" class=\"wpforms-field wpforms-field-email\" data-field-id=\"1\"><label class=\"wpforms-field-label\" for=\"wpforms-47-field_1\">Email <span class=\"wpforms-required-label\">*<\/span><\/label><input type=\"email\" id=\"wpforms-47-field_1\" class=\"wpforms-field-medium wpforms-field-required\" name=\"wpforms[fields][1]\" spellcheck=\"false\" required><\/div><\/div><!-- .wpforms-field-container --><div class=\"wpforms-submit-container\" ><input type=\"hidden\" name=\"wpforms[id]\" value=\"47\"><input type=\"hidden\" name=\"page_title\" value=\"\"><input type=\"hidden\" name=\"page_url\" value=\"https:\/\/patrimoine-lafeline.fr\/index.php\/wp-json\/wp\/v2\/pages\/52\"><button type=\"submit\" name=\"wpforms[submit]\" id=\"wpforms-submit-47\" class=\"wpforms-submit\" data-alt-text=\"Envoi en cours...\" data-submit-text=\"Valider\" aria-live=\"assertive\" value=\"wpforms-submit\">Valider<\/button><img loading=\"lazy\" decoding=\"async\" src=\"https:\/\/patrimoine-lafeline.fr\/wp-content\/plugins\/wpforms-lite\/assets\/images\/submit-spin.svg\" class=\"wpforms-submit-spinner\" style=\"display: none;\" width=\"26\" height=\"26\" alt=\"Chargement en cours\"><\/div><\/form><\/div>  <!-- .wpforms-container --><\/div>\n<\/div>\n\n\n\n<p>Adressez vos ch\u00e8ques par la poste \u00e0 : PATRIMOINE-LAF\u00c9LINE, Mairie, 12 place St-Martin 03500 Laf\u00e9line \u00e0 l\u2019ordre de PATRIMOINE-LAF\u00c9LINE.<br>Pour les virements bancaires merci d&rsquo;utiliser ces coordonn\u00e9es : <br>IBAN: FR04 2004 1010 0308 5709 7J02 468<\/p>\n\n\n\n<p><\/p>\n","protected":false},"excerpt":{"rendered":"<p>Les versements et dons \u00e0 PATRIMOINE-LAF\u00c9LINE, association \u00e0 but non lucratif, d\u00e9clar\u00e9e d\u2019int\u00e9r\u00eat public, ouvrent droit \u00e0 une r\u00e9duction d&rsquo;imp\u00f4t sur le revenu de 66 % conform\u00e9ment aux articles 200 et 238 bis du code g\u00e9n\u00e9ral des imp\u00f4ts. Vous pouvez<\/p>\n","protected":false},"author":1,"featured_media":0,"parent":0,"menu_order":0,"comment_status":"closed","ping_status":"closed","template":"","meta":{"_monsterinsights_skip_tracking":false,"_monsterinsights_sitenote_active":false,"_monsterinsights_sitenote_note":"","_monsterinsights_sitenote_category":0,"footnotes":""},"class_list":["post-52","page","type-page","status-publish","hentry"],"_links":{"self":[{"href":"https:\/\/patrimoine-lafeline.fr\/index.php\/wp-json\/wp\/v2\/pages\/52","targetHints":{"allow":["GET"]}}],"collection":[{"href":"https:\/\/patrimoine-lafeline.fr\/index.php\/wp-json\/wp\/v2\/pages"}],"about":[{"href":"https:\/\/patrimoine-lafeline.fr\/index.php\/wp-json\/wp\/v2\/types\/page"}],"author":[{"embeddable":true,"href":"https:\/\/patrimoine-lafeline.fr\/index.php\/wp-json\/wp\/v2\/users\/1"}],"replies":[{"embeddable":true,"href":"https:\/\/patrimoine-lafeline.fr\/index.php\/wp-json\/wp\/v2\/comments?post=52"}],"version-history":[{"count":11,"href":"https:\/\/patrimoine-lafeline.fr\/index.php\/wp-json\/wp\/v2\/pages\/52\/revisions"}],"predecessor-version":[{"id":392,"href":"https:\/\/patrimoine-lafeline.fr\/index.php\/wp-json\/wp\/v2\/pages\/52\/revisions\/392"}],"wp:attachment":[{"href":"https:\/\/patrimoine-lafeline.fr\/index.php\/wp-json\/wp\/v2\/media?parent=52"}],"curies":[{"name":"wp","href":"https:\/\/api.w.org\/{rel}","templated":true}]}}