{"id":287,"date":"2023-03-25T23:14:26","date_gmt":"2023-03-25T22:14:26","guid":{"rendered":"https:\/\/patrimoine-lafeline.fr\/?page_id=287"},"modified":"2025-04-13T21:06:54","modified_gmt":"2025-04-13T20:06:54","slug":"mise-en-valeur-des-objets-dart","status":"publish","type":"page","link":"https:\/\/patrimoine-lafeline.fr\/index.php\/mise-en-valeur-des-objets-dart\/","title":{"rendered":"Mise en valeur des objets d\u2019art"},"content":{"rendered":"\n<p>2024\u00a0: PATRIMOINE-LAF\u00c9LINE finalise\u00a0la sauvegarde\u00a0de la statue en bois polychrome &amp; dor\u00e9 fin 18<sup>e<\/sup>\u00a0s. dite \u00ab\u00a0<em>Vierge \u00e0 l\u2019Enfant au Globe<\/em>\u00a0\u00bb gr\u00e2ce notamment au Prix national 2023 VMF \u2013 Fonds de dotation BELLE MAIN d\u00e9cern\u00e9, \u00e0 Laf\u00e9line le 11 juillet 2023, \u00e0 notre association et \u00e0 la commune, par Isabelle de Chavagnac, d\u00e9l\u00e9gu\u00e9e d\u00e9partementale des VMF, en pr\u00e9sence de Madame le Pr\u00e9fet de l\u2019Allier, Pascale Trimbach.<\/p>\n\n\n\n<p>Apr\u00e8s six mois dans l\u2019atelier L\u2019Oeuvre de l\u2019Art \u00e0 Huriel, sous le geste expert du restaurateur d\u2019art Samuel Cherprenet, la&nbsp;<em>Vierge \u00e0 l\u2019Enfant au Globe<\/em>&nbsp;a r\u00e9int\u00e9gr\u00e9 le 2 d\u00e9cembre 2024 le ch\u0153ur de l\u2019\u00e9glise St-Martin de Laf\u00e9line, aux c\u00f4t\u00e9s de la statue de l\u2019\u00e9v\u00eaque St-Martin de Tours et du tableau dit \u00ab&nbsp;<em>Christ au Roseau&nbsp;\u00bb<\/em>&nbsp;respectivement sauvegard\u00e9 en 2012 et restaur\u00e9 en 2022 \u00e0 l\u2019initiative de notre association.&nbsp;<\/p>\n\n\n\n<div class=\"wp-block-columns is-layout-flex wp-container-core-columns-is-layout-2 wp-block-columns-is-layout-flex\">\n<div class=\"wp-block-column is-layout-flow wp-block-column-is-layout-flow\">\n<div class=\"wp-block-columns is-layout-flex wp-container-core-columns-is-layout-1 wp-block-columns-is-layout-flex\">\n<div class=\"wp-block-column is-layout-flow wp-block-column-is-layout-flow\">\n<figure class=\"wp-block-image size-large\"><img loading=\"lazy\" decoding=\"async\" width=\"768\" height=\"1024\" src=\"http:\/\/patrimoine-lafeline.fr\/wp-content\/uploads\/2025\/02\/IMG7845avant-768x1024.jpeg\" alt=\"\" class=\"wp-image-405\" srcset=\"https:\/\/patrimoine-lafeline.fr\/wp-content\/uploads\/2025\/02\/IMG7845avant-768x1024.jpeg 768w, https:\/\/patrimoine-lafeline.fr\/wp-content\/uploads\/2025\/02\/IMG7845avant-225x300.jpeg 225w, https:\/\/patrimoine-lafeline.fr\/wp-content\/uploads\/2025\/02\/IMG7845avant-1152x1536.jpeg 1152w, https:\/\/patrimoine-lafeline.fr\/wp-content\/uploads\/2025\/02\/IMG7845avant-1536x2048.jpeg 1536w, https:\/\/patrimoine-lafeline.fr\/wp-content\/uploads\/2025\/02\/IMG7845avant-scaled.jpeg 1920w\" sizes=\"auto, (max-width: 768px) 100vw, 768px\" \/><\/figure>\n<\/div>\n\n\n\n<div class=\"wp-block-column is-layout-flow wp-block-column-is-layout-flow\">\n<figure class=\"wp-block-image size-large\"><img loading=\"lazy\" decoding=\"async\" width=\"768\" height=\"1024\" src=\"http:\/\/patrimoine-lafeline.fr\/wp-content\/uploads\/2025\/02\/IMG1869apres-768x1024.jpg\" alt=\"\" class=\"wp-image-406\" srcset=\"https:\/\/patrimoine-lafeline.fr\/wp-content\/uploads\/2025\/02\/IMG1869apres-768x1024.jpg 768w, https:\/\/patrimoine-lafeline.fr\/wp-content\/uploads\/2025\/02\/IMG1869apres-225x300.jpg 225w, https:\/\/patrimoine-lafeline.fr\/wp-content\/uploads\/2025\/02\/IMG1869apres-1152x1536.jpg 1152w, https:\/\/patrimoine-lafeline.fr\/wp-content\/uploads\/2025\/02\/IMG1869apres-1536x2048.jpg 1536w, https:\/\/patrimoine-lafeline.fr\/wp-content\/uploads\/2025\/02\/IMG1869apres-scaled.jpg 1920w\" sizes=\"auto, (max-width: 768px) 100vw, 768px\" \/><\/figure>\n<\/div>\n<\/div>\n<\/div>\n<\/div>\n\n\n\n<div class=\"wp-block-columns is-layout-flex wp-container-core-columns-is-layout-4 wp-block-columns-is-layout-flex\">\n<div class=\"wp-block-column is-layout-flow wp-block-column-is-layout-flow\" style=\"flex-basis:33.33%\">\n<figure class=\"wp-block-image size-full is-resized\"><img loading=\"lazy\" decoding=\"async\" width=\"472\" height=\"698\" src=\"http:\/\/patrimoine-lafeline.fr\/wp-content\/uploads\/2023\/10\/vale.jpg\" alt=\"\" class=\"wp-image-322\" style=\"width:187px;height:auto\" srcset=\"https:\/\/patrimoine-lafeline.fr\/wp-content\/uploads\/2023\/10\/vale.jpg 472w, https:\/\/patrimoine-lafeline.fr\/wp-content\/uploads\/2023\/10\/vale-203x300.jpg 203w\" sizes=\"auto, (max-width: 472px) 100vw, 472px\" \/><\/figure>\n<\/div>\n\n\n\n<div class=\"wp-block-column is-layout-flow wp-block-column-is-layout-flow\" style=\"flex-basis:66.66%\">\n<p><strong>2023\u00a0: attribution du\u00a0<\/strong>Prix national VMF \u2013 Fonds de dotation Belle Main, dans la cat\u00e9gorie \u00ab\u00a0Objets Mobiliers\u00a0\u00bb, \u00e0 l\u2019association\u00a0PATRIMOINE-\u00a0LAF\u00c9LINE et \u00e0\u00a0la Commune de Laf\u00e9line. <\/p>\n\n\n\n<div class=\"wp-block-columns is-layout-flex wp-container-core-columns-is-layout-3 wp-block-columns-is-layout-flex\">\n<div class=\"wp-block-column is-layout-flow wp-block-column-is-layout-flow\"><div class=\"wp-block-image\">\n<figure class=\"alignright size-full is-resized\"><img loading=\"lazy\" decoding=\"async\" width=\"281\" height=\"179\" src=\"http:\/\/patrimoine-lafeline.fr\/wp-content\/uploads\/2025\/04\/BelleMain.png\" alt=\"\" class=\"wp-image-418\" style=\"width:117px;height:auto\"\/><\/figure><\/div><\/div>\n\n\n\n<div class=\"wp-block-column is-layout-flow wp-block-column-is-layout-flow\"><div class=\"wp-block-image\">\n<figure class=\"alignleft size-full is-resized\"><img loading=\"lazy\" decoding=\"async\" width=\"291\" height=\"173\" src=\"http:\/\/patrimoine-lafeline.fr\/wp-content\/uploads\/2025\/04\/VMF.png\" alt=\"\" class=\"wp-image-417\" style=\"width:117px;height:auto\"\/><\/figure><\/div><\/div>\n<\/div>\n<\/div>\n<\/div>\n\n\n\n<p><strong>2022<\/strong>\u00a0:\u00a0le tableau dit\u00a0 \u00ab\u00a0<em>Christ au Roseau<\/em>\u00a0\u00bb, dont la restauration a \u00e9t\u00e9 vot\u00e9e en assembl\u00e9e g\u00e9n\u00e9rale du 2 octobre 2020 et qui avait \u00e9t\u00e9 d\u00e9croch\u00e9\u00a0en juillet 2021\u00a0du bas-c\u00f4t\u00e9 sud de l\u2019\u00e9glise St-Martin de Laf\u00e9line o\u00f9 il \u00e9tait tomb\u00e9 dans l&rsquo;oubli, a \u00e9t\u00e9 raccroch\u00e9 le 24 juin 2022 dans l\u2019abside apr\u00e8s restauration par l\u2019atelier Agn\u00e8s Barroso (form\u00e9e dans l&rsquo;Allier, \u00e0 Huriel).<\/p>\n\n\n<div class=\"wp-block-image\">\n<figure class=\"aligncenter size-large is-resized\"><img loading=\"lazy\" decoding=\"async\" width=\"1024\" height=\"852\" src=\"http:\/\/patrimoine-lafeline.fr\/wp-content\/uploads\/2023\/10\/christ-au-roseau-1024x852.jpg\" alt=\"\" class=\"wp-image-331\" style=\"width:495px;height:auto\" srcset=\"https:\/\/patrimoine-lafeline.fr\/wp-content\/uploads\/2023\/10\/christ-au-roseau-1024x852.jpg 1024w, https:\/\/patrimoine-lafeline.fr\/wp-content\/uploads\/2023\/10\/christ-au-roseau-300x250.jpg 300w, https:\/\/patrimoine-lafeline.fr\/wp-content\/uploads\/2023\/10\/christ-au-roseau-768x639.jpg 768w, https:\/\/patrimoine-lafeline.fr\/wp-content\/uploads\/2023\/10\/christ-au-roseau.jpg 1286w\" sizes=\"auto, (max-width: 1024px) 100vw, 1024px\" \/><\/figure><\/div>\n\n<div class=\"wp-block-image\">\n<figure class=\"aligncenter size-large is-resized\"><img loading=\"lazy\" decoding=\"async\" width=\"1024\" height=\"855\" src=\"http:\/\/patrimoine-lafeline.fr\/wp-content\/uploads\/2023\/10\/car-1024x855.png\" alt=\"\" class=\"wp-image-332\" style=\"width:495px;height:auto\" srcset=\"https:\/\/patrimoine-lafeline.fr\/wp-content\/uploads\/2023\/10\/car-1024x855.png 1024w, https:\/\/patrimoine-lafeline.fr\/wp-content\/uploads\/2023\/10\/car-300x251.png 300w, https:\/\/patrimoine-lafeline.fr\/wp-content\/uploads\/2023\/10\/car-768x641.png 768w, https:\/\/patrimoine-lafeline.fr\/wp-content\/uploads\/2023\/10\/car.png 1298w\" sizes=\"auto, (max-width: 1024px) 100vw, 1024px\" \/><\/figure><\/div>\n\n\n<p><\/p>\n","protected":false},"excerpt":{"rendered":"<p>2024\u00a0: PATRIMOINE-LAF\u00c9LINE finalise\u00a0la sauvegarde\u00a0de la statue en bois polychrome &amp; dor\u00e9 fin 18e\u00a0s. dite \u00ab\u00a0Vierge \u00e0 l\u2019Enfant au Globe\u00a0\u00bb gr\u00e2ce notamment au Prix national 2023 VMF \u2013 Fonds de dotation BELLE MAIN d\u00e9cern\u00e9, \u00e0 Laf\u00e9line le 11 juillet 2023, \u00e0<\/p>\n","protected":false},"author":1,"featured_media":0,"parent":0,"menu_order":0,"comment_status":"closed","ping_status":"closed","template":"","meta":{"_monsterinsights_skip_tracking":false,"_monsterinsights_sitenote_active":false,"_monsterinsights_sitenote_note":"","_monsterinsights_sitenote_category":0,"footnotes":""},"class_list":["post-287","page","type-page","status-publish","hentry"],"_links":{"self":[{"href":"https:\/\/patrimoine-lafeline.fr\/index.php\/wp-json\/wp\/v2\/pages\/287","targetHints":{"allow":["GET"]}}],"collection":[{"href":"https:\/\/patrimoine-lafeline.fr\/index.php\/wp-json\/wp\/v2\/pages"}],"about":[{"href":"https:\/\/patrimoine-lafeline.fr\/index.php\/wp-json\/wp\/v2\/types\/page"}],"author":[{"embeddable":true,"href":"https:\/\/patrimoine-lafeline.fr\/index.php\/wp-json\/wp\/v2\/users\/1"}],"replies":[{"embeddable":true,"href":"https:\/\/patrimoine-lafeline.fr\/index.php\/wp-json\/wp\/v2\/comments?post=287"}],"version-history":[{"count":8,"href":"https:\/\/patrimoine-lafeline.fr\/index.php\/wp-json\/wp\/v2\/pages\/287\/revisions"}],"predecessor-version":[{"id":424,"href":"https:\/\/patrimoine-lafeline.fr\/index.php\/wp-json\/wp\/v2\/pages\/287\/revisions\/424"}],"wp:attachment":[{"href":"https:\/\/patrimoine-lafeline.fr\/index.php\/wp-json\/wp\/v2\/media?parent=287"}],"curies":[{"name":"wp","href":"https:\/\/api.w.org\/{rel}","templated":true}]}}

<p>2024 : PATRIMOINE-LAFÉLINE finalise la sauvegarde de la statue en bois polychrome &amp; doré fin 18<sup>e</sup> s. dite « <em>Vierge à l’Enfant au Globe</em> » grâce notamment au Prix national 2023 VMF – Fonds de dotation BELLE MAIN décerné, à Laféline le 11 juillet 2023, à notre association et à la commune, par Isabelle de Chavagnac, déléguée départementale des VMF, en présence de Madame le Préfet de l’Allier, Pascale Trimbach.</p>



<p>Après six mois dans l’atelier L’Oeuvre de l’Art à Huriel, sous le geste expert du restaurateur d’art Samuel Cherprenet, la&nbsp;<em>Vierge à l’Enfant au Globe</em>&nbsp;a réintégré le 2 décembre 2024 le chœur de l’église St-Martin de Laféline, aux côtés de la statue de l’évêque St-Martin de Tours et du tableau dit «&nbsp;<em>Christ au Roseau&nbsp;»</em>&nbsp;respectivement sauvegardé en 2012 et restauré en 2022 à l’initiative de notre association.&nbsp;</p>



<div class="wp-block-columns is-layout-flex wp-container-core-columns-is-layout-2 wp-block-columns-is-layout-flex">
<div class="wp-block-column is-layout-flow wp-block-column-is-layout-flow">
<div class="wp-block-columns is-layout-flex wp-container-core-columns-is-layout-1 wp-block-columns-is-layout-flex">
<div class="wp-block-column is-layout-flow wp-block-column-is-layout-flow">
<figure class="wp-block-image size-large"><img loading="lazy" decoding="async" width="768" height="1024" src="http://patrimoine-lafeline.fr/wp-content/uploads/2025/02/IMG7845avant-768x1024.jpeg" alt="" class="wp-image-405" srcset="https://patrimoine-lafeline.fr/wp-content/uploads/2025/02/IMG7845avant-768x1024.jpeg 768w, https://patrimoine-lafeline.fr/wp-content/uploads/2025/02/IMG7845avant-225x300.jpeg 225w, https://patrimoine-lafeline.fr/wp-content/uploads/2025/02/IMG7845avant-1152x1536.jpeg 1152w, https://patrimoine-lafeline.fr/wp-content/uploads/2025/02/IMG7845avant-1536x2048.jpeg 1536w, https://patrimoine-lafeline.fr/wp-content/uploads/2025/02/IMG7845avant-scaled.jpeg 1920w" sizes="auto, (max-width: 768px) 100vw, 768px" /></figure>
</div>



<div class="wp-block-column is-layout-flow wp-block-column-is-layout-flow">
<figure class="wp-block-image size-large"><img loading="lazy" decoding="async" width="768" height="1024" src="http://patrimoine-lafeline.fr/wp-content/uploads/2025/02/IMG1869apres-768x1024.jpg" alt="" class="wp-image-406" srcset="https://patrimoine-lafeline.fr/wp-content/uploads/2025/02/IMG1869apres-768x1024.jpg 768w, https://patrimoine-lafeline.fr/wp-content/uploads/2025/02/IMG1869apres-225x300.jpg 225w, https://patrimoine-lafeline.fr/wp-content/uploads/2025/02/IMG1869apres-1152x1536.jpg 1152w, https://patrimoine-lafeline.fr/wp-content/uploads/2025/02/IMG1869apres-1536x2048.jpg 1536w, https://patrimoine-lafeline.fr/wp-content/uploads/2025/02/IMG1869apres-scaled.jpg 1920w" sizes="auto, (max-width: 768px) 100vw, 768px" /></figure>
</div>
</div>
</div>
</div>



<div class="wp-block-columns is-layout-flex wp-container-core-columns-is-layout-4 wp-block-columns-is-layout-flex">
<div class="wp-block-column is-layout-flow wp-block-column-is-layout-flow" style="flex-basis:33.33%">
<figure class="wp-block-image size-full is-resized"><img loading="lazy" decoding="async" width="472" height="698" src="http://patrimoine-lafeline.fr/wp-content/uploads/2023/10/vale.jpg" alt="" class="wp-image-322" style="width:187px;height:auto" srcset="https://patrimoine-lafeline.fr/wp-content/uploads/2023/10/vale.jpg 472w, https://patrimoine-lafeline.fr/wp-content/uploads/2023/10/vale-203x300.jpg 203w" sizes="auto, (max-width: 472px) 100vw, 472px" /></figure>
</div>



<div class="wp-block-column is-layout-flow wp-block-column-is-layout-flow" style="flex-basis:66.66%">
<p><strong>2023 : attribution du </strong>Prix national VMF – Fonds de dotation Belle Main, dans la catégorie « Objets Mobiliers », à l’association PATRIMOINE- LAFÉLINE et à la Commune de Laféline. </p>



<div class="wp-block-columns is-layout-flex wp-container-core-columns-is-layout-3 wp-block-columns-is-layout-flex">
<div class="wp-block-column is-layout-flow wp-block-column-is-layout-flow"><div class="wp-block-image">
<figure class="alignright size-full is-resized"><img loading="lazy" decoding="async" width="281" height="179" src="http://patrimoine-lafeline.fr/wp-content/uploads/2025/04/BelleMain.png" alt="" class="wp-image-418" style="width:117px;height:auto"/></figure></div></div>



<div class="wp-block-column is-layout-flow wp-block-column-is-layout-flow"><div class="wp-block-image">
<figure class="alignleft size-full is-resized"><img loading="lazy" decoding="async" width="291" height="173" src="http://patrimoine-lafeline.fr/wp-content/uploads/2025/04/VMF.png" alt="" class="wp-image-417" style="width:117px;height:auto"/></figure></div></div>
</div>
</div>
</div>



<p><strong>2022</strong> : le tableau dit  « <em>Christ au Roseau</em> », dont la restauration a été votée en assemblée générale du 2 octobre 2020 et qui avait été décroché en juillet 2021 du bas-côté sud de l’église St-Martin de Laféline où il était tombé dans l&rsquo;oubli, a été raccroché le 24 juin 2022 dans l’abside après restauration par l’atelier Agnès Barroso (formée dans l&rsquo;Allier, à Huriel).</p>


<div class="wp-block-image">
<figure class="aligncenter size-large is-resized"><img loading="lazy" decoding="async" width="1024" height="852" src="http://patrimoine-lafeline.fr/wp-content/uploads/2023/10/christ-au-roseau-1024x852.jpg" alt="" class="wp-image-331" style="width:495px;height:auto" srcset="https://patrimoine-lafeline.fr/wp-content/uploads/2023/10/christ-au-roseau-1024x852.jpg 1024w, https://patrimoine-lafeline.fr/wp-content/uploads/2023/10/christ-au-roseau-300x250.jpg 300w, https://patrimoine-lafeline.fr/wp-content/uploads/2023/10/christ-au-roseau-768x639.jpg 768w, https://patrimoine-lafeline.fr/wp-content/uploads/2023/10/christ-au-roseau.jpg 1286w" sizes="auto, (max-width: 1024px) 100vw, 1024px" /></figure></div>

<div class="wp-block-image">
<figure class="aligncenter size-large is-resized"><img loading="lazy" decoding="async" width="1024" height="855" src="http://patrimoine-lafeline.fr/wp-content/uploads/2023/10/car-1024x855.png" alt="" class="wp-image-332" style="width:495px;height:auto" srcset="https://patrimoine-lafeline.fr/wp-content/uploads/2023/10/car-1024x855.png 1024w, https://patrimoine-lafeline.fr/wp-content/uploads/2023/10/car-300x251.png 300w, https://patrimoine-lafeline.fr/wp-content/uploads/2023/10/car-768x641.png 768w, https://patrimoine-lafeline.fr/wp-content/uploads/2023/10/car.png 1298w" sizes="auto, (max-width: 1024px) 100vw, 1024px" /></figure></div>


<p></p>

<p>2024 : PATRIMOINE-LAFÉLINE finalise la sauvegarde de la statue en bois polychrome &amp; doré fin 18e s. dite « Vierge à l’Enfant au Globe » grâce notamment au Prix national 2023 VMF – Fonds de dotation BELLE MAIN décerné, à Laféline le 11 juillet 2023, à</p>
