{"id":284,"date":"2023-03-25T23:12:51","date_gmt":"2023-03-25T22:12:51","guid":{"rendered":"https:\/\/patrimoine-lafeline.fr\/?page_id=284"},"modified":"2023-11-03T23:44:40","modified_gmt":"2023-11-03T22:44:40","slug":"mise-en-valeur-du-bati-patrimonial","status":"publish","type":"page","link":"https:\/\/patrimoine-lafeline.fr\/index.php\/mise-en-valeur-du-bati-patrimonial\/","title":{"rendered":"Mise en valeur du b\u00e2ti patrimonial"},"content":{"rendered":"\n<p>Apr\u00e8s les lourds travaux de restauration des toitures, du clocher et de la fl\u00e8che de l\u2019\u00e9glise St-Martin de Laf\u00e9line qui ont permis \u00e0 partir de 2013 de mettre cet \u00e9difice class\u00e9 hors d\u2019eau, PATRIMOINE-LAF\u00c9LINE\u00a0s\u2019est fix\u00e9e pour objectif de travailler \u00e0 son assainissement et la restauration de ses peintures et enduits int\u00e9rieurs.<\/p>\n\n\n\n<figure class=\"wp-block-image size-full\"><img loading=\"lazy\" decoding=\"async\" width=\"1024\" height=\"435\" src=\"http:\/\/patrimoine-lafeline.fr\/wp-content\/uploads\/2023\/11\/Eglise.png\" alt=\"\" class=\"wp-image-352\" srcset=\"https:\/\/patrimoine-lafeline.fr\/wp-content\/uploads\/2023\/11\/Eglise.png 1024w, https:\/\/patrimoine-lafeline.fr\/wp-content\/uploads\/2023\/11\/Eglise-300x127.png 300w, https:\/\/patrimoine-lafeline.fr\/wp-content\/uploads\/2023\/11\/Eglise-768x326.png 768w\" sizes=\"auto, (max-width: 1024px) 100vw, 1024px\" \/><\/figure>\n\n\n\n<p>Autre d\u00e9fi propos\u00e9 par PATRIMOINE-LAF\u00c9LINE&nbsp;: sauver de la ruine la chapelle romane de Reugny (fin XII<sup>e<\/sup> s.), d\u00e9di\u00e9e \u00e0 Notre-Dame et ses peintures murales (XIV<sup>e<\/sup> s.)&nbsp;! Ceux qui empruntent la D 46, reliant Saint-Pour\u00e7ain-sur-Sioule \u00e0 Montmarault la connaissent. Sauvegarder ce lieu patrimonial pour lui permettre de retrouver sa vocation d\u2019origine, tout en contribuant, par son histoire, \u00e0 l\u2019attractivit\u00e9 touristique du d\u00e9partement et, par le travail de nos artisans locaux, \u00e0 la prosp\u00e9rit\u00e9 \u00e9conomique de la r\u00e9gion, telle est l\u2019ambition de l\u2019association au nom de l\u2019int\u00e9r\u00eat g\u00e9n\u00e9ral.<\/p>\n\n\n\n<figure class=\"wp-block-image size-large\"><img loading=\"lazy\" decoding=\"async\" width=\"1024\" height=\"238\" src=\"https:\/\/patrimoine-lafeline.fr\/wp-content\/uploads\/2023\/10\/reugny3-1024x238.jpg\" alt=\"\" class=\"wp-image-349\" srcset=\"https:\/\/patrimoine-lafeline.fr\/wp-content\/uploads\/2023\/10\/reugny3-1024x238.jpg 1024w, https:\/\/patrimoine-lafeline.fr\/wp-content\/uploads\/2023\/10\/reugny3-300x70.jpg 300w, https:\/\/patrimoine-lafeline.fr\/wp-content\/uploads\/2023\/10\/reugny3-768x178.jpg 768w, https:\/\/patrimoine-lafeline.fr\/wp-content\/uploads\/2023\/10\/reugny3-1536x357.jpg 1536w, https:\/\/patrimoine-lafeline.fr\/wp-content\/uploads\/2023\/10\/reugny3.jpg 1592w\" sizes=\"auto, (max-width: 1024px) 100vw, 1024px\" \/><\/figure>\n","protected":false},"excerpt":{"rendered":"<p>Apr\u00e8s les lourds travaux de restauration des toitures, du clocher et de la fl\u00e8che de l\u2019\u00e9glise St-Martin de Laf\u00e9line qui ont permis \u00e0 partir de 2013 de mettre cet \u00e9difice class\u00e9 hors d\u2019eau, PATRIMOINE-LAF\u00c9LINE\u00a0s\u2019est fix\u00e9e pour objectif de travailler \u00e0<\/p>\n","protected":false},"author":1,"featured_media":0,"parent":0,"menu_order":0,"comment_status":"closed","ping_status":"closed","template":"","meta":{"_monsterinsights_skip_tracking":false,"_monsterinsights_sitenote_active":false,"_monsterinsights_sitenote_note":"","_monsterinsights_sitenote_category":0,"footnotes":""},"class_list":["post-284","page","type-page","status-publish","hentry"],"_links":{"self":[{"href":"https:\/\/patrimoine-lafeline.fr\/index.php\/wp-json\/wp\/v2\/pages\/284","targetHints":{"allow":["GET"]}}],"collection":[{"href":"https:\/\/patrimoine-lafeline.fr\/index.php\/wp-json\/wp\/v2\/pages"}],"about":[{"href":"https:\/\/patrimoine-lafeline.fr\/index.php\/wp-json\/wp\/v2\/types\/page"}],"author":[{"embeddable":true,"href":"https:\/\/patrimoine-lafeline.fr\/index.php\/wp-json\/wp\/v2\/users\/1"}],"replies":[{"embeddable":true,"href":"https:\/\/patrimoine-lafeline.fr\/index.php\/wp-json\/wp\/v2\/comments?post=284"}],"version-history":[{"count":9,"href":"https:\/\/patrimoine-lafeline.fr\/index.php\/wp-json\/wp\/v2\/pages\/284\/revisions"}],"predecessor-version":[{"id":353,"href":"https:\/\/patrimoine-lafeline.fr\/index.php\/wp-json\/wp\/v2\/pages\/284\/revisions\/353"}],"wp:attachment":[{"href":"https:\/\/patrimoine-lafeline.fr\/index.php\/wp-json\/wp\/v2\/media?parent=284"}],"curies":[{"name":"wp","href":"https:\/\/api.w.org\/{rel}","templated":true}]}}

Mise en valeur du bâti patrimonial

<p>Après les lourds travaux de restauration des toitures, du clocher et de la flèche de l’église St-Martin de Laféline qui ont permis à partir de 2013 de mettre cet édifice classé hors d’eau, PATRIMOINE-LAFÉLINE s’est fixée pour objectif de travailler à son assainissement et la restauration de ses peintures et enduits intérieurs.</p>



<figure class="wp-block-image size-full"><img loading="lazy" decoding="async" width="1024" height="435" src="http://patrimoine-lafeline.fr/wp-content/uploads/2023/11/Eglise.png" alt="" class="wp-image-352" srcset="https://patrimoine-lafeline.fr/wp-content/uploads/2023/11/Eglise.png 1024w, https://patrimoine-lafeline.fr/wp-content/uploads/2023/11/Eglise-300x127.png 300w, https://patrimoine-lafeline.fr/wp-content/uploads/2023/11/Eglise-768x326.png 768w" sizes="auto, (max-width: 1024px) 100vw, 1024px" /></figure>



<p>Autre défi proposé par PATRIMOINE-LAFÉLINE&nbsp;: sauver de la ruine la chapelle romane de Reugny (fin XII<sup>e</sup> s.), dédiée à Notre-Dame et ses peintures murales (XIV<sup>e</sup> s.)&nbsp;! Ceux qui empruntent la D 46, reliant Saint-Pourçain-sur-Sioule à Montmarault la connaissent. Sauvegarder ce lieu patrimonial pour lui permettre de retrouver sa vocation d’origine, tout en contribuant, par son histoire, à l’attractivité touristique du département et, par le travail de nos artisans locaux, à la prospérité économique de la région, telle est l’ambition de l’association au nom de l’intérêt général.</p>



<figure class="wp-block-image size-large"><img loading="lazy" decoding="async" width="1024" height="238" src="https://patrimoine-lafeline.fr/wp-content/uploads/2023/10/reugny3-1024x238.jpg" alt="" class="wp-image-349" srcset="https://patrimoine-lafeline.fr/wp-content/uploads/2023/10/reugny3-1024x238.jpg 1024w, https://patrimoine-lafeline.fr/wp-content/uploads/2023/10/reugny3-300x70.jpg 300w, https://patrimoine-lafeline.fr/wp-content/uploads/2023/10/reugny3-768x178.jpg 768w, https://patrimoine-lafeline.fr/wp-content/uploads/2023/10/reugny3-1536x357.jpg 1536w, https://patrimoine-lafeline.fr/wp-content/uploads/2023/10/reugny3.jpg 1592w" sizes="auto, (max-width: 1024px) 100vw, 1024px" /></figure>

<p>Après les lourds travaux de restauration des toitures, du clocher et de la flèche de l’église St-Martin de Laféline qui ont permis à partir de 2013 de mettre cet édifice classé hors d’eau, PATRIMOINE-LAFÉLINE s’est fixée pour objectif de travailler à</p>
